{"id":28,"date":"2012-08-03T15:03:39","date_gmt":"2012-08-03T15:03:39","guid":{"rendered":"http:\/\/www.mikepotsdam.de\/?page_id=28"},"modified":"2012-08-03T17:03:12","modified_gmt":"2012-08-03T17:03:12","slug":"anstatt-eines-impressum","status":"publish","type":"page","link":"https:\/\/www.mikepotsdam.de\/?page_id=28","title":{"rendered":"Anstatt eines Impressum"},"content":{"rendered":"<p>Bei \u201eMike Potsdam\u201c handelt es sich um einen werbefreien Privatblog, so das ein Impressum rechtlich nicht zwingend ist. Man kann mich aber immer unter der Emailadresse : <a href=\"mailto:kontakt@mikepotsdam.de\">kontakt@mikepotsdam.de<\/a> erreichen.<\/p>\n<p>Was unangetastet bleibt, ist das Urheberrecht, alle Rechte der Bilder und Texte liegen bei\u00a0Mike Schmidtsdorff, Betreiber dieses Blog. Eine Kopie oder Weiterver\u00f6ffentlichung ohne Wissen des Betreibers von Texten, Bilder oder anderen, ausgenommen Verlinkung zu \u00f6ffentlichen Seiten (z.B. \u201eYoutube\u201c, Onlineartikel), ist nicht erlaubt.<\/p>\n<p>Jeder Autor ist f\u00fcr den Inhalt seiner Beitr\u00e4ge selbst verantwortlich.Das gilt auch f\u00fcr Seiten die durch Verlinkungen aufgerufen werden.<\/p>\n","protected":false},"excerpt":{"rendered":"<p>Bei \u201eMike Potsdam\u201c handelt es sich um einen werbefreien Privatblog, so das ein Impressum rechtlich nicht zwingend ist. Man kann mich aber immer unter der Emailadresse : kontakt@mikepotsdam.de erreichen. Was unangetastet bleibt, ist das Urheberrecht, alle Rechte der Bilder und Texte liegen bei\u00a0Mike Schmidtsdorff, Betreiber dieses Blog. Eine Kopie oder Weiterver\u00f6ffentlichung ohne Wissen des Betreibers &hellip; <\/p>\n<p class=\"link-more\"><a href=\"https:\/\/www.mikepotsdam.de\/?page_id=28\" class=\"more-link\"><span class=\"screen-reader-text\">\u201eAnstatt eines Impressum\u201c <\/span>weiterlesen<\/a><\/p>\n","protected":false},"author":1,"featured_media":0,"parent":0,"menu_order":0,"comment_status":"open","ping_status":"open","template":"","meta":{"footnotes":""},"class_list":["post-28","page","type-page","status-publish","hentry"],"_links":{"self":[{"href":"https:\/\/www.mikepotsdam.de\/index.php?rest_route=\/wp\/v2\/pages\/28","targetHints":{"allow":["GET"]}}],"collection":[{"href":"https:\/\/www.mikepotsdam.de\/index.php?rest_route=\/wp\/v2\/pages"}],"about":[{"href":"https:\/\/www.mikepotsdam.de\/index.php?rest_route=\/wp\/v2\/types\/page"}],"author":[{"embeddable":true,"href":"https:\/\/www.mikepotsdam.de\/index.php?rest_route=\/wp\/v2\/users\/1"}],"replies":[{"embeddable":true,"href":"https:\/\/www.mikepotsdam.de\/index.php?rest_route=%2Fwp%2Fv2%2Fcomments&post=28"}],"version-history":[{"count":4,"href":"https:\/\/www.mikepotsdam.de\/index.php?rest_route=\/wp\/v2\/pages\/28\/revisions"}],"predecessor-version":[{"id":6803,"href":"https:\/\/www.mikepotsdam.de\/index.php?rest_route=\/wp\/v2\/pages\/28\/revisions\/6803"}],"wp:attachment":[{"href":"https:\/\/www.mikepotsdam.de\/index.php?rest_route=%2Fwp%2Fv2%2Fmedia&parent=28"}],"curies":[{"name":"wp","href":"https:\/\/api.w.org\/{rel}","templated":true}]}}